{"id":2087,"date":"2025-02-03T17:20:12","date_gmt":"2025-02-03T16:20:12","guid":{"rendered":"https:\/\/www.shlcrochet.se\/?page_id=2087"},"modified":"2025-10-18T21:51:26","modified_gmt":"2025-10-18T19:51:26","slug":"var-du-hittar-ditt-kopta-monster","status":"publish","type":"page","link":"https:\/\/www.shlcrochet.se\/?page_id=2087","title":{"rendered":"Var du hittar ditt k\u00f6pta m\u00f6nster"},"content":{"rendered":"\n<p>Ditt k\u00f6pta m\u00f6nster laddar du sj\u00e4lv ner direkt efter betalning.<\/p>\n\n\n\n<p><\/p>\n\n\n\n<ol class=\"wp-block-list\">\n<li>G\u00e5 till e-butiken. Klicka p\u00e5 Mitt konto p\u00e5 f\u00f6rsta sidan. Nu beh\u00f6ver du logga in med ditt l\u00f6senord (har du gl\u00f6mt det s\u00e5 klickar du p\u00e5 Gl\u00f6mt l\u00f6senord s\u00e5 f\u00e5r du skapa ett nytt). P\u00e5 v\u00e4nster sida finns lite olika alternativ &#8211; klicka p\u00e5 Nedladdningar. H\u00e4r samlas alla m\u00f6nster du k\u00f6per och kan laddas ner hur m\u00e5nga g\u00e5nger du vill. Bra om n\u00e5got m\u00f6nster kommer bort! Klicka p\u00e5 m\u00f6nstrets namn i rutan till h\u00f6ger.<\/li>\n<\/ol>\n\n\n\n<p><\/p>\n","protected":false},"excerpt":{"rendered":"<p>Ditt k\u00f6pta m\u00f6nster laddar du sj\u00e4lv ner direkt efter betalning.<\/p>\n","protected":false},"author":1,"featured_media":0,"parent":0,"menu_order":0,"comment_status":"closed","ping_status":"closed","template":"","meta":{"footnotes":""},"class_list":["post-2087","page","type-page","status-publish","hentry"],"jetpack_sharing_enabled":true,"_links":{"self":[{"href":"https:\/\/www.shlcrochet.se\/index.php?rest_route=\/wp\/v2\/pages\/2087","targetHints":{"allow":["GET"]}}],"collection":[{"href":"https:\/\/www.shlcrochet.se\/index.php?rest_route=\/wp\/v2\/pages"}],"about":[{"href":"https:\/\/www.shlcrochet.se\/index.php?rest_route=\/wp\/v2\/types\/page"}],"author":[{"embeddable":true,"href":"https:\/\/www.shlcrochet.se\/index.php?rest_route=\/wp\/v2\/users\/1"}],"replies":[{"embeddable":true,"href":"https:\/\/www.shlcrochet.se\/index.php?rest_route=%2Fwp%2Fv2%2Fcomments&post=2087"}],"version-history":[{"count":2,"href":"https:\/\/www.shlcrochet.se\/index.php?rest_route=\/wp\/v2\/pages\/2087\/revisions"}],"predecessor-version":[{"id":2679,"href":"https:\/\/www.shlcrochet.se\/index.php?rest_route=\/wp\/v2\/pages\/2087\/revisions\/2679"}],"wp:attachment":[{"href":"https:\/\/www.shlcrochet.se\/index.php?rest_route=%2Fwp%2Fv2%2Fmedia&parent=2087"}],"curies":[{"name":"wp","href":"https:\/\/api.w.org\/{rel}","templated":true}]}}