{"id":1653,"date":"2024-11-15T06:22:51","date_gmt":"2024-11-15T05:22:51","guid":{"rendered":"https:\/\/www.shlcrochet.se\/?post_type=product&#038;p=1653"},"modified":"2025-08-29T14:25:23","modified_gmt":"2025-08-29T12:25:23","slug":"virkmonster-kaninen-mini-modo-textmonster","status":"publish","type":"product","link":"https:\/\/www.shlcrochet.se\/?product=virkmonster-kaninen-mini-modo-textmonster","title":{"rendered":"Virkm\u00f6nster Kaninen MINI MODO (textm\u00f6nster)"},"content":{"rendered":"<p>Med detta virkm\u00f6nster skapar du en egen Kaninen MINI i MODO Hockeys f\u00e4rger!<br \/>\nOBS! Detta \u00e4r ett textm\u00f6nster med bilder p\u00e5 MINI HV71 i m\u00f6nstret f\u00f6r att visa modellen.<\/p>\n<p>Mini har pyjamas och kanintofflor.<\/p>\n<p>Mini virkas i 8\/4 och med virkn\u00e5l 3,0 blir den ca 36 cm h\u00f6g.<\/p>\n<p>M\u00f6nstret inneh\u00e5ller beskrivning, bilder p\u00e5 garnet samt f\u00e4rgnummer.<\/p>\n<p>Vad beh\u00f6ver du kunna f\u00f6r att g\u00f6ra denna?<\/p>\n<p>Luftmaska<br \/>\nFast maska<br \/>\n\u00d6ka<br \/>\nMinska<br \/>\nVirka i fr\u00e4mre eller bakre luftmaskb\u00e5gen<\/p>\n<p>Garn eller material ing\u00e5r ej utan det \u00e4r endast m\u00f6nstret.<\/p>\n<p>Efter k\u00f6p kan du direkt ladda ner m\u00f6nstret som pdf-fil och sedan \u00e4r det bara att inf\u00f6rskaffa garn och b\u00f6rja skapa!<\/p>\n","protected":false},"excerpt":{"rendered":"<p>Med detta virkm\u00f6nster skapar du en egen Kaninen MINI i MODO Hockeys f\u00e4rger! OBS! Detta \u00e4r ett textm\u00f6nster med bilder&hellip;<\/p>\n","protected":false},"featured_media":0,"comment_status":"closed","ping_status":"closed","template":"","meta":[],"product_brand":[],"product_cat":[52,54,32],"product_tag":[],"class_list":{"0":"post-1653","1":"product","2":"type-product","3":"status-publish","5":"product_cat-hockey","6":"product_cat-hockeyallsvenskan","7":"product_cat-text-monster","9":"first","10":"instock","11":"downloadable","12":"shipping-taxable","13":"purchasable","14":"product-type-simple"},"jetpack_sharing_enabled":true,"_links":{"self":[{"href":"https:\/\/www.shlcrochet.se\/index.php?rest_route=\/wp\/v2\/product\/1653","targetHints":{"allow":["GET"]}}],"collection":[{"href":"https:\/\/www.shlcrochet.se\/index.php?rest_route=\/wp\/v2\/product"}],"about":[{"href":"https:\/\/www.shlcrochet.se\/index.php?rest_route=\/wp\/v2\/types\/product"}],"replies":[{"embeddable":true,"href":"https:\/\/www.shlcrochet.se\/index.php?rest_route=%2Fwp%2Fv2%2Fcomments&post=1653"}],"wp:attachment":[{"href":"https:\/\/www.shlcrochet.se\/index.php?rest_route=%2Fwp%2Fv2%2Fmedia&parent=1653"}],"wp:term":[{"taxonomy":"product_brand","embeddable":true,"href":"https:\/\/www.shlcrochet.se\/index.php?rest_route=%2Fwp%2Fv2%2Fproduct_brand&post=1653"},{"taxonomy":"product_cat","embeddable":true,"href":"https:\/\/www.shlcrochet.se\/index.php?rest_route=%2Fwp%2Fv2%2Fproduct_cat&post=1653"},{"taxonomy":"product_tag","embeddable":true,"href":"https:\/\/www.shlcrochet.se\/index.php?rest_route=%2Fwp%2Fv2%2Fproduct_tag&post=1653"}],"curies":[{"name":"wp","href":"https:\/\/api.w.org\/{rel}","templated":true}]}}