{"id":3109,"date":"2026-01-01T12:49:10","date_gmt":"2026-01-01T11:49:10","guid":{"rendered":"https:\/\/www.shlcrochet.se\/?post_type=product&#038;p=3109"},"modified":"2026-01-06T19:17:04","modified_gmt":"2026-01-06T18:17:04","slug":"barntofflor-i-ull-stl-19-och-22-cm","status":"publish","type":"product","link":"https:\/\/www.shlcrochet.se\/?product=barntofflor-i-ull-stl-19-och-22-cm","title":{"rendered":"Virkm\u00f6nster Barntofflor i ull stl 19 och 22 cm"},"content":{"rendered":"<p>Med detta virkm\u00f6nster skapar du ett par gosiga ulltofflor!<\/p>\n<p>I beskrivningen finns 2 storlekar som passar fotm\u00e5tt 19 cm och 22 cm.<\/p>\n<p>Tofflorna virkas i tex Snow eller Snowstorm som \u00e4r ett tjockt 100 % ull garn.<\/p>\n<p>M\u00f6nstret inneh\u00e5ller beskrivning p\u00e5 b\u00e5da storlekarna.<\/p>\n<p>Vad beh\u00f6ver du kunna f\u00f6r att g\u00f6ra denna?<\/p>\n<p>Luftmaska<br \/>\nFast maska<\/p>\n<p>Smygmaska<\/p>\n<p>Stolpe<\/p>\n<p>Reliefstolpe framifr\u00e5n<\/p>\n<p>\u00d6ka och minska<\/p>\n<p>Garn eller material ing\u00e5r ej utan det \u00e4r endast m\u00f6nstret.<\/p>\n<p>Efter k\u00f6p kan du direkt ladda ner m\u00f6nstret som pdf-fil och sedan \u00e4r det bara att inf\u00f6rskaffa garn och b\u00f6rja skapa!<\/p>\n","protected":false},"excerpt":{"rendered":"<p>Med detta virkm\u00f6nster skapar du ett par gosiga ulltofflor! I beskrivningen finns 2 storlekar som passar fotm\u00e5tt 19 cm och&hellip;<\/p>\n","protected":false},"featured_media":3111,"comment_status":"closed","ping_status":"closed","template":"","meta":[],"product_brand":[],"product_cat":[61,58],"product_tag":[],"class_list":{"0":"post-3109","1":"product","2":"type-product","3":"status-publish","4":"has-post-thumbnail","6":"product_cat-jul","7":"product_cat-ovrigt","9":"first","10":"instock","11":"downloadable","12":"shipping-taxable","13":"purchasable","14":"product-type-simple"},"jetpack_sharing_enabled":true,"_links":{"self":[{"href":"https:\/\/www.shlcrochet.se\/index.php?rest_route=\/wp\/v2\/product\/3109","targetHints":{"allow":["GET"]}}],"collection":[{"href":"https:\/\/www.shlcrochet.se\/index.php?rest_route=\/wp\/v2\/product"}],"about":[{"href":"https:\/\/www.shlcrochet.se\/index.php?rest_route=\/wp\/v2\/types\/product"}],"replies":[{"embeddable":true,"href":"https:\/\/www.shlcrochet.se\/index.php?rest_route=%2Fwp%2Fv2%2Fcomments&post=3109"}],"wp:featuredmedia":[{"embeddable":true,"href":"https:\/\/www.shlcrochet.se\/index.php?rest_route=\/wp\/v2\/media\/3111"}],"wp:attachment":[{"href":"https:\/\/www.shlcrochet.se\/index.php?rest_route=%2Fwp%2Fv2%2Fmedia&parent=3109"}],"wp:term":[{"taxonomy":"product_brand","embeddable":true,"href":"https:\/\/www.shlcrochet.se\/index.php?rest_route=%2Fwp%2Fv2%2Fproduct_brand&post=3109"},{"taxonomy":"product_cat","embeddable":true,"href":"https:\/\/www.shlcrochet.se\/index.php?rest_route=%2Fwp%2Fv2%2Fproduct_cat&post=3109"},{"taxonomy":"product_tag","embeddable":true,"href":"https:\/\/www.shlcrochet.se\/index.php?rest_route=%2Fwp%2Fv2%2Fproduct_tag&post=3109"}],"curies":[{"name":"wp","href":"https:\/\/api.w.org\/{rel}","templated":true}]}}